-1 + -2*(-2)/6). Suppose x*l + 25 = -10. Let b(k) = -k + 2. Give b(l).
9
Let k be (-1)/4 - (-5 - (-152)/32). Let q(z) = -z + 20. What is q(k)?
20
Let l(a) = -a**3 - a. Let z(k) = -k + 23. Let y be z(8). Suppose 2*c - y + 13 = 0. What is l(c)?
-2
Let o(y) = y**3 - 7*y**2 - 46*y + 307. Let u be o(6). Let x be (-21)/(-12) + (-2)/(-8). Let l(a) = -a + 4 + 3*a + x. Give l(u).
-4
Suppose z = -10 - 0. Let f = z - -11. Let s(g) = 7*g**2 - g - 3. Let b(k) = 13*k**2 - 2*k - 5. Let x(u) = 4*b(u) - 7*s(u). Determine x(f).
3
Let j be 255/(-85) - (-1 - -8). Let p(m) = -m**2 - 14*m - 24. What is p(j)?
16
Let n(z) be the second derivative of -2*z**2 - 1/3*z**3 + 0 - 4*z. Let l(s) = s. Let y(x) = 3*l(x) + n(x). What is y(-4)?
-8
Suppose -2*q = q + 5*z + 10, 0 = -5*q + 4*z + 8. Suppose q = -2*r + 12 + 4. Let l(a) = 4 - r*a + 4*a + a. Give l(-5).
19
Let i(k) be the first derivative of 5*k**2/2 - 4*k - 25. Let z(t) = -t**2 + 14*t - 20. Let g be z(12). Determine i(g).
16
Let j(i) be the first derivative of i**2/2 + 5*i - 3. Let d = -63 - -62. Let n be ((-4 - 1) + 5)/(d + -1). Calculate j(n).
5
Let x(b) = -b**2 - 5*b + 5. Let u(w) = -5*w - 31. Let k be u(-5). Give x(k).
-1
Let n(t) = t**2 - t - 4. Suppose -14*g - 44 = -100. Calculate n(g).
8
Let y(m) = -24*m**3 - 4*m - 5*m**2 - 39 - m + 25*m**3 + 4*m + 47. Determine y(5).
3
Let x be 1/5 - (-24)/5. Let y(b) = b - 4*b + 4*b + x*b**2 + 0*b. Suppose -r + 2*r = -1. Calculate y(r).
4
Let y = -69 + 74. Let v(d) = -y - 4*d + 5*d - 7. Determine v(6).
-6
Let g(x) = x**2 + 7*x + 4. Let k(z) = -2*z**2 - 14*z - 9. Let j(p) = 5*g(p) + 3*k(p). What is j(-3)?
5
Suppose 5*p = 65 - 15. Suppose -12*h = -p*h - 12. Let y(n) be the third derivative of -n**4/24 + 4*n**3/3 - n**2. What is y(h)?
2
Let h = 7 + -12. Let y(x) = 26*x - 88*x + 20*x + 17*x + 26*x + 5. Give y(h).
0
Let f = 16 - 13. Let q(b) = 4 + 52*b**2 - 27*b**2 + f*b - 27*b**2. What is q(3)?
-5
Let o = -154 + 159. Let r(w) = -w + 1. Let z be r(-1). Let j(v) = -3*v + 6 - v**2 - 5*v + 7*v**z - 2*v**3 + v**3. Give j(o).
-9
Let v(d) = d**3 - 1 + 6 - 9*d**2 - 2 - d. Suppose 1 = 7*k - 62. Give v(k).
-6
Let m(s) = 2*s + 13. Let c(y) = y**2 - 19*y + 51. Let j be c(15). What is m(j)?
-5
Suppose -4*q + m = -3*q + 2, -5*q = -3*m + 6. Let j be ((1 - 4) + 2)/(q - -1). Let g(w) = -10*w**2 + 1. What is g(j)?
-9
Suppose -10*i = -11*i + 41. Suppose -q + i = 47. Let b(m) = -m**2 - 4*m + 7. Calculate b(q).
-5
Let o(z) = -2*z**2 - 20*z - 42. Let a be o(-5). Let h(g) be the second derivative of a*g - 1/2*g**2 + 0 - 4/3*g**3. Calculate h(-1).
7
Let t be (3 - 1)/((-2)/7). Let o(g) = -2*g**2 - 3*g + 2. Let w(j) = -j**3 + 6*j**2 + 24*j - 16. Let z(y) = 6*o(y) + w(y). Give z(t).
3
Suppose -7*v + 1587 - 1587 = 0. Let d(h) = h**2 + 1. Give d(v).
1
Suppose 0 = -2*v - 2*v. Let g(d) be the first derivative of -d**4/4 - d**2/2 - 13*d - 358. Calculate g(v).
-13
Let r(s) = 31*s**3 + 11*s**2 + 3*s + 3. Let i(t) = -11*t**3 - 4*t**2 - t - 1. Let v(p) = -8*i(p) - 3*r(p). Let k = 3 + -4. Determine v(k).
4
Suppose 0*w = 5*w - 3*k + 61, 5*w - 2*k + 64 = 0. Let u = -11 - w. Let v(j) = 0*j**3 + 0*j - 11*j**u + j - 4 + 3. Determine v(1).
-11
Let m(l) = -1507*l**2 + 2*l**3 + 0*l - 1504*l**2 + 3 + 3*l + 3006*l**2. Determine m(3).
21
Let p(r) = r**3 - 5*r**2 - 10*r + 7. Let l be -1*(-6)/4*2. Suppose -2*z + l*s = -0*z - 9, 0 = 5*z + 3*s - 33. Give p(z).
-17
Let t be -1 + 2 + -2 + 0 + 1. Let s(f) = 12*f - 5*f + 1 - 6*f. Determine s(t).
1
Let h(b) = -b**2 + 121*b + 123*b - 247*b + 0*b**2 - 2. Let n(p) = -3*p**2. Suppose 3*z - t + 0*t - 1 = 0, 3 = 5*z - t. Let m be n(z). Give h(m).
-2
Let j(n) = -n**3 - 2*n**2 + 6*n + 2. Let q(i) = -2*i + 8. Let l(m) = m - 4. Let g(x) = 11*l(x) + 6*q(x). Let c be g(8). What is j(c)?
10
Let u(z) be the first derivative of 2*z**3/3 - 3*z**2/2 + 2*z + 568. Suppose 0 = -5*f + 2*a + 20, 4*a + 11 = -2*f + a. Give u(f).
4
Let s(b) = b**2 - 25 + 2*b + 20 + 11. Suppose -3*j = -3*f + 15, -1 = -3*j - 2*f + 4. Let g be (0 + -1)/(j/(-4)). Determine s(g).
14
Suppose 7*p - 2*p = 5*g + 10, -4*p = -3*g - 11. Let w = 8 - g. Let h(z) = -10 - 12 + 26 + 2*z - 6. Determine h(w).
8
Let a(r) = -r**3 - 5*r**2 - r - 4. Let s = -204 + 199. Determine a(s).
1
Suppose 5*d + 13 = 3. Let o(x) = -x**3 - 3*x**2 - 2*x - 1. Calculate o(d).
-1
Let w(i) be the second derivative of -3/2*i**2 - 5/6*i**3 + 5/12*i**4 + 0 - 1/20*i**5 + 4*i. What is w(4)?
-7
Suppose 4*y + 2*h = 13 - 5, -4*h = -5*y + 23. Let f(w) = 7*w**2 - 19*w**2 + 6*w**2 + 5*w**2. What is f(y)?
-9
Let p(b) = 7*b**2 - 3*b - 1. Suppose 46*j = 56*j + 20. What is p(j)?
33
Let i(k) = k - 7. Let m(h) = 6*h. Let w be m(-1). Let y(l) = -l + 8. Let u(p) = w*i(p) - 5*y(p). Suppose -3*q + 2*n = -6*q + 8, 2*n = q - 8. Calculate u(q).
-2
Let b(x) = x**2 - 10. Let m(h) = h**3 - 15*h**2 + 28*h - 26. Let r be m(13). Give b(r).
-10
Let i(s) be the first derivative of s**3/3 + 14*s**2 - 7*s - 195. Give i(-28).
-7
Let p(u) = -u**3 - 11*u**2 + 4*u - 4. Suppose -4*o - 43 = d, 0 = -39*o + 35*o + 5*d - 49. Calculate p(o).
-48
Let y(q) = -2*q + 1. Let v(i) = 9*i - 3. Let p(t) = 2*v(t) + 10*y(t). Calculate p(7).
-10
Let q(g) be the second derivative of g**4/12 - g**3/3 - g**2/2 + 3*g - 23. Give q(-4).
23
Let r(p) = -p**2 - 6*p + 1. Let y(t) = -t**2 - 9*t - 3. Suppose -b + 4*b = -30. Let q be y(b). Let a(i) = -i**2 - 12*i + 8. Let v be a(q). Determine r(v).
6
Let u(h) = 15*h + 11 - 14 - h**2 - 16. Give u(14).
-5
Let t(s) be the first derivative of -s**4/4 + s**3 - s**2 + s - 1. Suppose 15 = 4*v + 3*x, 3*v + 10 = 7*v - 2*x. Let w be (v/(-2))/((-10)/20). Calculate t(w).
-5
Let t(a) = -a**3 + 4*a**2 + a**2 - a + 2*a**3 - 3*a**2. Let f be t(-2). Let h(w) = -6*w**2 - 6*w**2 + 3*w**2 + 0*w**f - 1 - w. What is h(-1)?
-9
Suppose -65*k = -60*k + 10. Let z(t) = 15*t + 24. Calculate z(k).
-6
Let j = 21 + -28. Let h(v) = 2*v**2 + 16*v + 2. Let o(t) = 3*t**2 + 24*t + 3. Let a(l) = -8*h(l) + 5*o(l). Determine a(j).
6
Suppose -3*r + 7*r + 3*i = -11, 0 = r + 3*i + 5. Let a(z) = -z - 1. Determine a(r).
1
Let m(u) be the third derivative of 0 + 0*u + 2*u**2 + 1/24*u**4 - 1/6*u**3. Suppose 0 = -2*k - d - 3, 37 = -0*k - 3*k + 5*d. Determine m(k).
-5
Let v = -68 + 65. Let f be (-2)/2 - (v - -3). Let i(r) = -10*r**3 + r**2 + r. Determine i(f).
10
Let s(z) = -z**2 + 18*z - 59. Let r be s(4). Suppose 3*c = -0*c + 6. Let o(f) = 4 + c*f**2 - 3*f**2 - 3. What is o(r)?
-8
Let g(d) = 222*d**2 - 211*d**2 - 51 - 10*d**2 - 9*d. Give g(13).
1
Let r(k) = 3*k + 1. Let o = 6 + -17. Let x = 9 + o. What is r(x)?
-5
Let b(t) = -t - 2. Let f be (1 + -2)/(2 - 2 - 1). Let p(q) = q**2 - 8*q - 12. Let y(r) = f*p(r) - 6*b(r). Let d(i) = 3*i - 3. Let c be d(2). Calculate y(c).
3
Let v(h) be the first derivative of h**4/4 - 5*h**3/3 - h**2 - 250. Give v(5).
-10
Let s(g) = 9*g + 12. Let q(p) = -3*p - 4. Let i(b) = -7*q(b) - 2*s(b). Let h be (1/(-3))/(19/171). Determine i(h).
-5
Let q(p) = -6*p - 1. Let o be q(-1). Suppose o*k + 0 = -25. Let a(v) = 201*v - 7. Let m(y) = 86*y - 3. Let i(h) = -3*a(h) + 7*m(h). What is i(k)?
5
Let x = -7 + 55. Let d be (4/(-8))/(4/x). Let y(r) = -2*r + 1. What is y(d)?
13
Let n = -2 + -1. Let l(t) be the second derivative of -t**5/60 - t**4/24 + t**3/2 - 3*t. Let c(b) be the second derivative of l(b). Give c(n).
5
Suppose -4*v = -0 - 8. Let t(m) = 16*m**2 - m**3 + v - 4*m + 2*m - 12*m**2 + 2. Give t(4).
-4
Let j(s) = -s**3 - 7*s**2 - 5*s - 2. Let x be j(-6). Let b be x/(-28) + 18/(-14). Let o be (b/(-2))/((-2)/8). Let d(w) = -2*w**2 - w + 2. Calculate d(o).
-4
Let s(p) = p**2 + p - 2. Let r(b) = b + 1. Let n(x) = r(x) - s(x). Let k = 19065 + -19061. Determine n(k).
-13
Let s = 29 - 26. Suppose -s*y + 53 - 32 = 0. Let x(m) = 0*m + 0*m - 2*m + 2. Calculate x(y).
-12
Let u(y) = 80*y**2 - 2*y + 2. Let t be u(1). Let o = t + -75. Let x(r) be the third derivative of -r**4/12 + r**3 + r**2. Determine x(o).
-4
Let q(b) = b**2 + 2. Let m(n) = 7*n**2 + 6*n + 7. Let r(h) = -m(h) + 6*q(h). Let g be 0 + 0 + -8 + 1. Determine r(g).
-2
Let j(p) = -p + 4. Suppose 5*w - 208 = -0*w - 2*c, 3*w - 136 = -4*c. Let g = -40 + w. What is j(g)?
4
Let h(p) = 4*p - 19. Let w be h(6). Let z(g) = -2*g + 9*g - 2*g**2 + g**2 - w - 2*g. Give z(4).
-1
Let w = -1 + 1. Let p(s) = 52 + 4*s - 46 + w*s - 3*s. Give p(-5).
1
Let y(w) = 2*w**2 - 8